{"id":11864,"date":"2017-02-10T23:04:58","date_gmt":"2017-02-10T23:04:58","guid":{"rendered":"http:\/\/www.serveisfuneraristerrassa.com\/?page_id=11864\/"},"modified":"2017-05-01T13:48:12","modified_gmt":"2017-05-01T13:48:12","slug":"mapa-web","status":"publish","type":"page","link":"https:\/\/www.funerarialarambla.com\/es\/mapa-web\/","title":{"rendered":"Mapa Web"},"content":{"rendered":"<div class=\"fusion-fullwidth fullwidth-box fusion-builder-row-1 nonhundred-percent-fullwidth non-hundred-percent-height-scrolling\" style=\"--awb-border-radius-top-left:0px;--awb-border-radius-top-right:0px;--awb-border-radius-bottom-right:0px;--awb-border-radius-bottom-left:0px;--awb-padding-top:20px;--awb-padding-bottom:20px;--awb-flex-wrap:wrap;\" ><div class=\"fusion-builder-row fusion-row\"><div class=\"fusion-layout-column fusion_builder_column fusion-builder-column-0 fusion_builder_column_1_3 1_3 fusion-one-third fusion-column-first\" style=\"--awb-bg-size:cover;width:33.333333333333%;width:calc(33.333333333333% - ( ( 4% ) * 0.33333333333333 ) );margin-right: 4%;\"><div class=\"fusion-column-wrapper fusion-flex-column-wrapper-legacy\"><div class=\"fusion-sep-clear\"><\/div><div class=\"fusion-separator fusion-full-width-sep\" style=\"margin-left: auto;margin-right: auto;width:100%;\"><\/div><div class=\"fusion-sep-clear\"><\/div><div class=\"fusion-image-element fusion-image-align-center in-legacy-container\" style=\"text-align:center;--awb-caption-title-font-family:var(--h2_typography-font-family);--awb-caption-title-font-weight:var(--h2_typography-font-weight);--awb-caption-title-font-style:var(--h2_typography-font-style);--awb-caption-title-size:var(--h2_typography-font-size);--awb-caption-title-transform:var(--h2_typography-text-transform);--awb-caption-title-line-height:var(--h2_typography-line-height);--awb-caption-title-letter-spacing:var(--h2_typography-letter-spacing);\"><div class=\"imageframe-align-center\"><span class=\" fusion-imageframe imageframe-none imageframe-1 hover-type-none\"><img decoding=\"async\" width=\"72\" height=\"83\" title=\"Icono-color-sll\" src=\"http:\/\/laramblaserveisfuneraris.com\/wp-content\/uploads\/2017\/02\/Icono-color-sll-1.png\" alt class=\"img-responsive wp-image-12220\"\/><\/span><\/div><\/div><div class=\"fusion-sep-clear\"><\/div><div class=\"fusion-separator fusion-full-width-sep\" style=\"margin-left: auto;margin-right: auto;width:100%;\"><\/div><div class=\"fusion-sep-clear\"><\/div><div class=\"fusion-image-element fusion-image-align-center in-legacy-container\" style=\"text-align:center;--awb-caption-title-font-family:var(--h2_typography-font-family);--awb-caption-title-font-weight:var(--h2_typography-font-weight);--awb-caption-title-font-style:var(--h2_typography-font-style);--awb-caption-title-size:var(--h2_typography-font-size);--awb-caption-title-transform:var(--h2_typography-text-transform);--awb-caption-title-line-height:var(--h2_typography-line-height);--awb-caption-title-letter-spacing:var(--h2_typography-letter-spacing);\"><div class=\"imageframe-align-center\"><span class=\" fusion-imageframe imageframe-none imageframe-2 hover-type-none\"><img decoding=\"async\" width=\"260\" height=\"72\" title=\"Logocolor-fonstrans-big\" src=\"http:\/\/laramblaserveisfuneraris.com\/wp-content\/uploads\/2017\/02\/Logocolor-fonstrans-big-2.png\" alt class=\"img-responsive wp-image-12229\" srcset=\"https:\/\/www.funerarialarambla.com\/wp-content\/uploads\/2017\/02\/Logocolor-fonstrans-big-2-200x55.png 200w, https:\/\/www.funerarialarambla.com\/wp-content\/uploads\/2017\/02\/Logocolor-fonstrans-big-2.png 260w\" sizes=\"(max-width: 800px) 100vw, 260px\" \/><\/span><\/div><\/div><div class=\"fusion-clearfix\"><\/div><\/div><\/div><div class=\"fusion-layout-column fusion_builder_column fusion-builder-column-1 fusion_builder_column_2_3 2_3 fusion-two-third fusion-column-last\" style=\"--awb-bg-size:cover;width:66.666666666667%;width:calc(66.666666666667% - ( ( 4% ) * 0.66666666666667 ) );\"><div class=\"fusion-column-wrapper fusion-flex-column-wrapper-legacy\"><div class=\"fusion-text fusion-text-1\"><ul>\n<li><a href=\"http:\/\/laramblaserveisfuneraris.com\/es\/quienes-somos\/\"><strong>\u00bfQui\u00e9nes Somos?<\/strong><\/a>\n<ul>\n<li><a href=\"http:\/\/laramblaserveisfuneraris.com\/es\/equipo-humano\/\">Equipo Humano<\/a><\/li>\n<li><a href=\"http:\/\/laramblaserveisfuneraris.com\/es\/historia-de-la-entidad\/\">Historia de la Entidad<\/a><\/li>\n<li><a href=\"https:\/\/www.laramblaserveisfuneraris.com\/es\/instalaciones\/\">Las Instalaciones<\/a><\/li>\n<\/ul>\n<\/li>\n<li><strong><a href=\"http:\/\/laramblaserveisfuneraris.com\/es\/como-llegar\/\">\u00bfC\u00f3mo Llegar?<\/a><\/strong><\/li>\n<li><a href=\"http:\/\/laramblaserveisfuneraris.com\/es\/servicios\/\"><strong>Servicios<\/strong><\/a>\n<ul>\n<li><a href=\"http:\/\/laprevisio.cat\/assegurances-personals\/decessos-i-repatriacio\/detall-assegurances-personals\">Planificar en Vida<\/a><\/li>\n<li><a href=\"http:\/\/laramblaserveisfuneraris.com\/es\/organizar-el-funeral\/\">Organizar el Funeral<\/a><\/li>\n<li><a href=\"http:\/\/laramblaserveisfuneraris.com\/es\/detalles-personalizados\/\">Florister\u00eda<\/a><\/li>\n<li><a href=\"https:\/\/www.laramblaserveisfuneraris.com\/es\/recordatorios\/\">Recordatorios<\/a><\/li>\n<li><a href=\"https:\/\/www.laramblaserveisfuneraris.com\/es\/tramites\/\">Tr\u00e1mites<\/a><\/li>\n<li><a href=\"https:\/\/www.laramblaserveisfuneraris.com\/es\/asesoramiento-testamentario\/\">Asesoramiento Hereditario\u00a0y Voluntades Anticipadas<\/a><\/li>\n<\/ul>\n<\/li>\n<li><strong><a href=\"http:\/\/laramblaserveisfuneraris.com\/es\/ultimas-defunciones\/\">Defunciones<\/a><\/strong><\/li>\n<li><strong><a href=\"http:\/\/laramblaserveisfuneraris.com\/es\/detalles-personalizados\/\">Detalles Personalizados<\/a><\/strong><\/li>\n<li><strong><a href=\"http:\/\/laramblaserveisfuneraris.com\/es\/contacto\/\">Contacto<\/a><\/strong><\/li>\n<\/ul>\n<\/div><div class=\"fusion-clearfix\"><\/div><\/div><\/div><\/div><\/div>\n","protected":false},"excerpt":{"rendered":"","protected":false},"author":5,"featured_media":0,"parent":0,"menu_order":0,"comment_status":"closed","ping_status":"closed","template":"","meta":{"footnotes":""},"class_list":["post-11864","page","type-page","status-publish","hentry"],"yoast_head":"<!-- This site is optimized with the Yoast SEO plugin v26.8 - https:\/\/yoast.com\/product\/yoast-seo-wordpress\/ -->\n<title>Mapa Web | La Rambla Serveis Funeraris Terrassa<\/title>\n<meta name=\"description\" content=\"La Rambla Serveis Funeraris, es el nuevo velatorio de Terrassa, situado en el centro de la ciudad. Trabajamos para hacer m\u00e1s f\u00e1cil los momentos dif\u00edciles\" \/>\n<meta name=\"robots\" content=\"index, follow, max-snippet:-1, max-image-preview:large, max-video-preview:-1\" \/>\n<link rel=\"canonical\" href=\"https:\/\/www.funerarialarambla.com\/es\/mapa-web\/\" \/>\n<meta property=\"og:locale\" content=\"es_ES\" \/>\n<meta property=\"og:type\" content=\"article\" \/>\n<meta property=\"og:title\" content=\"Mapa Web | La Rambla Serveis Funeraris Terrassa\" \/>\n<meta property=\"og:description\" content=\"La Rambla Serveis Funeraris, es el nuevo velatorio de Terrassa, situado en el centro de la ciudad. Trabajamos para hacer m\u00e1s f\u00e1cil los momentos dif\u00edciles\" \/>\n<meta property=\"og:url\" content=\"https:\/\/www.funerarialarambla.com\/es\/mapa-web\/\" \/>\n<meta property=\"og:site_name\" content=\"La Rambla Serveis Funeraris Terrassa\" \/>\n<meta property=\"article:modified_time\" content=\"2017-05-01T13:48:12+00:00\" \/>\n<meta name=\"twitter:card\" content=\"summary_large_image\" \/>\n<meta name=\"twitter:label1\" content=\"Tiempo de lectura\" \/>\n\t<meta name=\"twitter:data1\" content=\"2 minutos\" \/>\n<script type=\"application\/ld+json\" class=\"yoast-schema-graph\">{\"@context\":\"https:\/\/schema.org\",\"@graph\":[{\"@type\":\"WebPage\",\"@id\":\"https:\/\/www.funerarialarambla.com\/es\/mapa-web\/\",\"url\":\"https:\/\/www.funerarialarambla.com\/es\/mapa-web\/\",\"name\":\"Mapa Web | La Rambla Serveis Funeraris Terrassa\",\"isPartOf\":{\"@id\":\"https:\/\/www.funerarialarambla.com\/#website\"},\"datePublished\":\"2017-02-10T23:04:58+00:00\",\"dateModified\":\"2017-05-01T13:48:12+00:00\",\"description\":\"La Rambla Serveis Funeraris, es el nuevo velatorio de Terrassa, situado en el centro de la ciudad. Trabajamos para hacer m\u00e1s f\u00e1cil los momentos dif\u00edciles\",\"breadcrumb\":{\"@id\":\"https:\/\/www.funerarialarambla.com\/es\/mapa-web\/#breadcrumb\"},\"inLanguage\":\"es\",\"potentialAction\":[{\"@type\":\"ReadAction\",\"target\":[\"https:\/\/www.funerarialarambla.com\/es\/mapa-web\/\"]}]},{\"@type\":\"BreadcrumbList\",\"@id\":\"https:\/\/www.funerarialarambla.com\/es\/mapa-web\/#breadcrumb\",\"itemListElement\":[{\"@type\":\"ListItem\",\"position\":1,\"name\":\"Portada\",\"item\":\"https:\/\/www.funerarialarambla.com\/es\/\"},{\"@type\":\"ListItem\",\"position\":2,\"name\":\"Mapa Web\"}]},{\"@type\":\"WebSite\",\"@id\":\"https:\/\/www.funerarialarambla.com\/#website\",\"url\":\"https:\/\/www.funerarialarambla.com\/\",\"name\":\"Funer\u00e0ria la Rambla Terrassa\",\"description\":\"La Rambla Serveis Funeraris Terrassa\",\"publisher\":{\"@id\":\"https:\/\/www.funerarialarambla.com\/#organization\"},\"potentialAction\":[{\"@type\":\"SearchAction\",\"target\":{\"@type\":\"EntryPoint\",\"urlTemplate\":\"https:\/\/www.funerarialarambla.com\/?s={search_term_string}\"},\"query-input\":{\"@type\":\"PropertyValueSpecification\",\"valueRequired\":true,\"valueName\":\"search_term_string\"}}],\"inLanguage\":\"es\"},{\"@type\":\"Organization\",\"@id\":\"https:\/\/www.funerarialarambla.com\/#organization\",\"name\":\"La Rambla Serveis Funeraris\",\"url\":\"https:\/\/www.funerarialarambla.com\/\",\"logo\":{\"@type\":\"ImageObject\",\"inLanguage\":\"es\",\"@id\":\"https:\/\/www.funerarialarambla.com\/#\/schema\/logo\/image\/\",\"url\":\"https:\/\/www.funerarialarambla.com\/wp-content\/uploads\/2017\/02\/Logo-mobile.png\",\"contentUrl\":\"https:\/\/www.funerarialarambla.com\/wp-content\/uploads\/2017\/02\/Logo-mobile.png\",\"width\":102,\"height\":38,\"caption\":\"La Rambla Serveis Funeraris\"},\"image\":{\"@id\":\"https:\/\/www.funerarialarambla.com\/#\/schema\/logo\/image\/\"}}]}<\/script>\n<!-- \/ Yoast SEO plugin. -->","yoast_head_json":{"title":"Mapa Web | La Rambla Serveis Funeraris Terrassa","description":"La Rambla Serveis Funeraris, es el nuevo velatorio de Terrassa, situado en el centro de la ciudad. Trabajamos para hacer m\u00e1s f\u00e1cil los momentos dif\u00edciles","robots":{"index":"index","follow":"follow","max-snippet":"max-snippet:-1","max-image-preview":"max-image-preview:large","max-video-preview":"max-video-preview:-1"},"canonical":"https:\/\/www.funerarialarambla.com\/es\/mapa-web\/","og_locale":"es_ES","og_type":"article","og_title":"Mapa Web | La Rambla Serveis Funeraris Terrassa","og_description":"La Rambla Serveis Funeraris, es el nuevo velatorio de Terrassa, situado en el centro de la ciudad. Trabajamos para hacer m\u00e1s f\u00e1cil los momentos dif\u00edciles","og_url":"https:\/\/www.funerarialarambla.com\/es\/mapa-web\/","og_site_name":"La Rambla Serveis Funeraris Terrassa","article_modified_time":"2017-05-01T13:48:12+00:00","twitter_card":"summary_large_image","twitter_misc":{"Tiempo de lectura":"2 minutos"},"schema":{"@context":"https:\/\/schema.org","@graph":[{"@type":"WebPage","@id":"https:\/\/www.funerarialarambla.com\/es\/mapa-web\/","url":"https:\/\/www.funerarialarambla.com\/es\/mapa-web\/","name":"Mapa Web | La Rambla Serveis Funeraris Terrassa","isPartOf":{"@id":"https:\/\/www.funerarialarambla.com\/#website"},"datePublished":"2017-02-10T23:04:58+00:00","dateModified":"2017-05-01T13:48:12+00:00","description":"La Rambla Serveis Funeraris, es el nuevo velatorio de Terrassa, situado en el centro de la ciudad. Trabajamos para hacer m\u00e1s f\u00e1cil los momentos dif\u00edciles","breadcrumb":{"@id":"https:\/\/www.funerarialarambla.com\/es\/mapa-web\/#breadcrumb"},"inLanguage":"es","potentialAction":[{"@type":"ReadAction","target":["https:\/\/www.funerarialarambla.com\/es\/mapa-web\/"]}]},{"@type":"BreadcrumbList","@id":"https:\/\/www.funerarialarambla.com\/es\/mapa-web\/#breadcrumb","itemListElement":[{"@type":"ListItem","position":1,"name":"Portada","item":"https:\/\/www.funerarialarambla.com\/es\/"},{"@type":"ListItem","position":2,"name":"Mapa Web"}]},{"@type":"WebSite","@id":"https:\/\/www.funerarialarambla.com\/#website","url":"https:\/\/www.funerarialarambla.com\/","name":"Funer\u00e0ria la Rambla Terrassa","description":"La Rambla Serveis Funeraris Terrassa","publisher":{"@id":"https:\/\/www.funerarialarambla.com\/#organization"},"potentialAction":[{"@type":"SearchAction","target":{"@type":"EntryPoint","urlTemplate":"https:\/\/www.funerarialarambla.com\/?s={search_term_string}"},"query-input":{"@type":"PropertyValueSpecification","valueRequired":true,"valueName":"search_term_string"}}],"inLanguage":"es"},{"@type":"Organization","@id":"https:\/\/www.funerarialarambla.com\/#organization","name":"La Rambla Serveis Funeraris","url":"https:\/\/www.funerarialarambla.com\/","logo":{"@type":"ImageObject","inLanguage":"es","@id":"https:\/\/www.funerarialarambla.com\/#\/schema\/logo\/image\/","url":"https:\/\/www.funerarialarambla.com\/wp-content\/uploads\/2017\/02\/Logo-mobile.png","contentUrl":"https:\/\/www.funerarialarambla.com\/wp-content\/uploads\/2017\/02\/Logo-mobile.png","width":102,"height":38,"caption":"La Rambla Serveis Funeraris"},"image":{"@id":"https:\/\/www.funerarialarambla.com\/#\/schema\/logo\/image\/"}}]}},"_links":{"self":[{"href":"https:\/\/www.funerarialarambla.com\/es\/wp-json\/wp\/v2\/pages\/11864","targetHints":{"allow":["GET"]}}],"collection":[{"href":"https:\/\/www.funerarialarambla.com\/es\/wp-json\/wp\/v2\/pages"}],"about":[{"href":"https:\/\/www.funerarialarambla.com\/es\/wp-json\/wp\/v2\/types\/page"}],"author":[{"embeddable":true,"href":"https:\/\/www.funerarialarambla.com\/es\/wp-json\/wp\/v2\/users\/5"}],"replies":[{"embeddable":true,"href":"https:\/\/www.funerarialarambla.com\/es\/wp-json\/wp\/v2\/comments?post=11864"}],"version-history":[{"count":5,"href":"https:\/\/www.funerarialarambla.com\/es\/wp-json\/wp\/v2\/pages\/11864\/revisions"}],"predecessor-version":[{"id":13874,"href":"https:\/\/www.funerarialarambla.com\/es\/wp-json\/wp\/v2\/pages\/11864\/revisions\/13874"}],"wp:attachment":[{"href":"https:\/\/www.funerarialarambla.com\/es\/wp-json\/wp\/v2\/media?parent=11864"}],"curies":[{"name":"wp","href":"https:\/\/api.w.org\/{rel}","templated":true}]}}

<div class="fusion-fullwidth fullwidth-box fusion-builder-row-1 nonhundred-percent-fullwidth non-hundred-percent-height-scrolling" style="--awb-border-radius-top-left:0px;--awb-border-radius-top-right:0px;--awb-border-radius-bottom-right:0px;--awb-border-radius-bottom-left:0px;--awb-padding-top:20px;--awb-padding-bottom:20px;--awb-flex-wrap:wrap;" ><div class="fusion-builder-row fusion-row"><div class="fusion-layout-column fusion_builder_column fusion-builder-column-0 fusion_builder_column_1_3 1_3 fusion-one-third fusion-column-first" style="--awb-bg-size:cover;width:33.333333333333%;width:calc(33.333333333333% - ( ( 4% ) * 0.33333333333333 ) );margin-right: 4%;"><div class="fusion-column-wrapper fusion-flex-column-wrapper-legacy"><div class="fusion-sep-clear"></div><div class="fusion-separator fusion-full-width-sep" style="margin-left: auto;margin-right: auto;width:100%;"></div><div class="fusion-sep-clear"></div><div class="fusion-image-element fusion-image-align-center in-legacy-container" style="text-align:center;--awb-caption-title-font-family:var(--h2_typography-font-family);--awb-caption-title-font-weight:var(--h2_typography-font-weight);--awb-caption-title-font-style:var(--h2_typography-font-style);--awb-caption-title-size:var(--h2_typography-font-size);--awb-caption-title-transform:var(--h2_typography-text-transform);--awb-caption-title-line-height:var(--h2_typography-line-height);--awb-caption-title-letter-spacing:var(--h2_typography-letter-spacing);"><div class="imageframe-align-center"><span class=" fusion-imageframe imageframe-none imageframe-1 hover-type-none"><img decoding="async" width="72" height="83" title="Icono-color-sll" src="http://laramblaserveisfuneraris.com/wp-content/uploads/2017/02/Icono-color-sll-1.png" alt class="img-responsive wp-image-12220"/></span></div></div><div class="fusion-sep-clear"></div><div class="fusion-separator fusion-full-width-sep" style="margin-left: auto;margin-right: auto;width:100%;"></div><div class="fusion-sep-clear"></div><div class="fusion-image-element fusion-image-align-center in-legacy-container" style="text-align:center;--awb-caption-title-font-family:var(--h2_typography-font-family);--awb-caption-title-font-weight:var(--h2_typography-font-weight);--awb-caption-title-font-style:var(--h2_typography-font-style);--awb-caption-title-size:var(--h2_typography-font-size);--awb-caption-title-transform:var(--h2_typography-text-transform);--awb-caption-title-line-height:var(--h2_typography-line-height);--awb-caption-title-letter-spacing:var(--h2_typography-letter-spacing);"><div class="imageframe-align-center"><span class=" fusion-imageframe imageframe-none imageframe-2 hover-type-none"><img decoding="async" width="260" height="72" title="Logocolor-fonstrans-big" src="http://laramblaserveisfuneraris.com/wp-content/uploads/2017/02/Logocolor-fonstrans-big-2.png" alt class="img-responsive wp-image-12229" srcset="https://www.funerarialarambla.com/wp-content/uploads/2017/02/Logocolor-fonstrans-big-2-200x55.png 200w, https://www.funerarialarambla.com/wp-content/uploads/2017/02/Logocolor-fonstrans-big-2.png 260w" sizes="(max-width: 800px) 100vw, 260px" /></span></div></div><div class="fusion-clearfix"></div></div></div><div class="fusion-layout-column fusion_builder_column fusion-builder-column-1 fusion_builder_column_2_3 2_3 fusion-two-third fusion-column-last" style="--awb-bg-size:cover;width:66.666666666667%;width:calc(66.666666666667% - ( ( 4% ) * 0.66666666666667 ) );"><div class="fusion-column-wrapper fusion-flex-column-wrapper-legacy"><div class="fusion-text fusion-text-1"><ul>
<li><a href="http://laramblaserveisfuneraris.com/es/quienes-somos/"><strong>¿Quiénes Somos?</strong></a>
<ul>
<li><a href="http://laramblaserveisfuneraris.com/es/equipo-humano/">Equipo Humano</a></li>
<li><a href="http://laramblaserveisfuneraris.com/es/historia-de-la-entidad/">Historia de la Entidad</a></li>
<li><a href="https://www.laramblaserveisfuneraris.com/es/instalaciones/">Las Instalaciones</a></li>
</ul>
</li>
<li><strong><a href="http://laramblaserveisfuneraris.com/es/como-llegar/">¿Cómo Llegar?</a></strong></li>
<li><a href="http://laramblaserveisfuneraris.com/es/servicios/"><strong>Servicios</strong></a>
<ul>
<li><a href="http://laprevisio.cat/assegurances-personals/decessos-i-repatriacio/detall-assegurances-personals">Planificar en Vida</a></li>
<li><a href="http://laramblaserveisfuneraris.com/es/organizar-el-funeral/">Organizar el Funeral</a></li>
<li><a href="http://laramblaserveisfuneraris.com/es/detalles-personalizados/">Floristería</a></li>
<li><a href="https://www.laramblaserveisfuneraris.com/es/recordatorios/">Recordatorios</a></li>
<li><a href="https://www.laramblaserveisfuneraris.com/es/tramites/">Trámites</a></li>
<li><a href="https://www.laramblaserveisfuneraris.com/es/asesoramiento-testamentario/">Asesoramiento Hereditario y Voluntades Anticipadas</a></li>
</ul>
</li>
<li><strong><a href="http://laramblaserveisfuneraris.com/es/ultimas-defunciones/">Defunciones</a></strong></li>
<li><strong><a href="http://laramblaserveisfuneraris.com/es/detalles-personalizados/">Detalles Personalizados</a></strong></li>
<li><strong><a href="http://laramblaserveisfuneraris.com/es/contacto/">Contacto</a></strong></li>
</ul>
</div><div class="fusion-clearfix"></div></div></div></div></div>

<!-- This site is optimized with the Yoast SEO plugin v26.8 - https://yoast.com/product/yoast-seo-wordpress/ -->
<title>Mapa Web | La Rambla Serveis Funeraris Terrassa</title>
<meta name="description" content="La Rambla Serveis Funeraris, es el nuevo velatorio de Terrassa, situado en el centro de la ciudad. Trabajamos para hacer más fácil los momentos difíciles" />
<meta name="robots" content="index, follow, max-snippet:-1, max-image-preview:large, max-video-preview:-1" />
<link rel="canonical" href="https://www.funerarialarambla.com/es/mapa-web/" />
<meta property="og:locale" content="es_ES" />
<meta property="og:type" content="article" />
<meta property="og:title" content="Mapa Web | La Rambla Serveis Funeraris Terrassa" />
<meta property="og:description" content="La Rambla Serveis Funeraris, es el nuevo velatorio de Terrassa, situado en el centro de la ciudad. Trabajamos para hacer más fácil los momentos difíciles" />
<meta property="og:url" content="https://www.funerarialarambla.com/es/mapa-web/" />
<meta property="og:site_name" content="La Rambla Serveis Funeraris Terrassa" />
<meta property="article:modified_time" content="2017-05-01T13:48:12+00:00" />
<meta name="twitter:card" content="summary_large_image" />
<meta name="twitter:label1" content="Tiempo de lectura" />
	<meta name="twitter:data1" content="2 minutos" />
<script type="application/ld+json" class="yoast-schema-graph">{"@context":"https://schema.org","@graph":[{"@type":"WebPage","@id":"https://www.funerarialarambla.com/es/mapa-web/","url":"https://www.funerarialarambla.com/es/mapa-web/","name":"Mapa Web | La Rambla Serveis Funeraris Terrassa","isPartOf":{"@id":"https://www.funerarialarambla.com/#website"},"datePublished":"2017-02-10T23:04:58+00:00","dateModified":"2017-05-01T13:48:12+00:00","description":"La Rambla Serveis Funeraris, es el nuevo velatorio de Terrassa, situado en el centro de la ciudad. Trabajamos para hacer más fácil los momentos difíciles","breadcrumb":{"@id":"https://www.funerarialarambla.com/es/mapa-web/#breadcrumb"},"inLanguage":"es","potentialAction":[{"@type":"ReadAction","target":["https://www.funerarialarambla.com/es/mapa-web/"]}]},{"@type":"BreadcrumbList","@id":"https://www.funerarialarambla.com/es/mapa-web/#breadcrumb","itemListElement":[{"@type":"ListItem","position":1,"name":"Portada","item":"https://www.funerarialarambla.com/es/"},{"@type":"ListItem","position":2,"name":"Mapa Web"}]},{"@type":"WebSite","@id":"https://www.funerarialarambla.com/#website","url":"https://www.funerarialarambla.com/","name":"Funerària la Rambla Terrassa","description":"La Rambla Serveis Funeraris Terrassa","publisher":{"@id":"https://www.funerarialarambla.com/#organization"},"potentialAction":[{"@type":"SearchAction","target":{"@type":"EntryPoint","urlTemplate":"https://www.funerarialarambla.com/?s={search_term_string}"},"query-input":{"@type":"PropertyValueSpecification","valueRequired":true,"valueName":"search_term_string"}}],"inLanguage":"es"},{"@type":"Organization","@id":"https://www.funerarialarambla.com/#organization","name":"La Rambla Serveis Funeraris","url":"https://www.funerarialarambla.com/","logo":{"@type":"ImageObject","inLanguage":"es","@id":"https://www.funerarialarambla.com/#/schema/logo/image/","url":"https://www.funerarialarambla.com/wp-content/uploads/2017/02/Logo-mobile.png","contentUrl":"https://www.funerarialarambla.com/wp-content/uploads/2017/02/Logo-mobile.png","width":102,"height":38,"caption":"La Rambla Serveis Funeraris"},"image":{"@id":"https://www.funerarialarambla.com/#/schema/logo/image/"}}]}</script>
<!-- / Yoast SEO plugin. -->

La Rambla Serveis Funeraris, es el nuevo velatorio de Terrassa, situado en el centro de la ciudad. Trabajamos para hacer más fácil los momentos difíciles

Funerària la Rambla Terrassa
